ivided by t(7)?
4
Suppose 5*w = -2*r + 142, -8*w + r = -3*w - 154. What is the remainder when 97 is divided by (-3 - -4)*2 + -7 + w?
22
Let m = 21 - 23. Suppose -3*x - 144 = -5*o, 4*o + 3*x = 117 + 9. What is the remainder when o is divided by 2 + m + -1 + 18?
13
Let z = -27762 - -28240. What is the remainder when z is divided by 85?
53
Suppose 29*i - 80482 + 67693 = 0. Calculate the remainder when i is divided by 439.
2
Calculate the remainder when 21899 is divided by (-236)/354*(2 + 2 - 154).
99
Let w = -18 - -60. Suppose 4*i - w = -2*i. Suppose -27*z - 3 = -28*z - 3*p, 39 = 5*z + 3*p. Calculate the remainder when z is divided by i.
2
Suppose 0 = 19814*u - 19823*u + 5859. What is the remainder when u is divided by 64?
11
Suppose -696 = -3*b + 3*o, 7*b - 5*o = 3*b + 922. Calculate the remainder when b is divided by 22.
18
Suppose 12*b - 84 = -9*b. Suppose 0 = b*x + 668 - 3612. What is the remainder when 64 is divided by (x/96)/((-2)/3 - -1)?
18
Suppose 0 = 7*h - 45*h + 2926. What is the remainder when h is divided by (-54)/(-7) + (-2)/(-7)?
5
Suppose -331 - 390 = -7*g. Let i = 283 - g. Calculate the remainder when i is divided by 31.
25
Suppose 4*u = 21*g - 18*g - 278, u = 5*g - 435. Suppose -y + 22 = y + 2*m, 0 = 4*y + 2*m - 52. Calculate the remainder when g is divided by y.
11
Let u(p) = -311*p + 11911. What is the remainder when u(38) is divided by 21?
9
Suppose 4*r + 185 = -3*w + 745, -2*w = -2*r - 350. What is the remainder when 7918 is divided by w?
178
Calculate the remainder when 1597 is divided by ((-21)/35 + -6)*-40.
13
Suppose 3*w + 4*s = s + 120, -3*s + 192 = 5*w. Suppose 35*f = 7*f - 9*f + 6549. Calculate the remainder when f is divided by w.
33
Let g = 3669 + -3648. Calculate the remainder when 146 is divided by g.
20
Suppose 0 = 5*w + 2*f - 60, -5*w + 70 = -0*f + 4*f. Calculate the remainder when 78/2 - (-2 + 8)/(-7 - -6) is divided by w.
5
Calculate the remainder when 3079 is divided by 10 - (-1106)/(-112) - (-3)/(48/2462).
153
Let f(d) = d**3 - 5*d**2 - 10. Suppose -3*m = -24 + 9. Let l be f(m). Let x = 29 + l. What is the remainder when x is divided by 11?
8
Suppose -3*r = -4*r + 105. Suppose 0 = -4*h + 70 - 562. Let d = 141 + h. Calculate the remainder when r is divided by d.
15
Let d be 2 + 980/(28/4). Let y = -77 + d. What is the remainder when y is divided by 8*3 - (2 + -1)?
19
Let m = 3443 - 3386. What is the remainder when 4101 is divided by m?
54
Let h(y) = y**2 - 31*y - 24. What is the remainder when 20/(-32) - (-7725)/200 is divided by h(32)?
6
Suppose 0 = -42*h + 43*h + 37 - 120. Calculate the remainder when 6732 is divided by h.
9
Calculate the remainder when 4/(-20)*471930/(-6) is divided by 207.
206
Suppose 0 = 111*d - 45*d - 48*d - 3438. Calculate the remainder when d is divided by 31.
5
Let p = -3705 - -3738. Calculate the remainder when 755 is divided by p.
29
Let w(f) = -66*f**2 - 336*f - 1. Suppose 0 = a - 40 - 20. Suppose -4*d + a = -0*d. What is the remainder when w(-5) is divided by d?
14
Suppose -a - 3*j = -58, -2*a + 184 - 68 = 4*j. Let q = a - 38. Suppose -2*l - 6 = 0, w - 28 = 3*l - 6*l. Calculate the remainder when w is divided by q.
17
Suppose 39 = 4*n + 5*f, 4 + 5 = 3*n - 3*f. Calculate the remainder when 1996/12 - ((-8)/24)/(-1) is divided by n.
4
Suppose 0 = -4*n + 27 - 3. Let f = n - 4. Suppose -675*m - 626 = 8*m - 1992. Calculate the remainder when m is divided by f.
0
Suppose n - 2*n = 0. Suppose 9*t - 177 + 69 = n. Let i = 48 - 21. Calculate the remainder when i is divided by t.
3
Calculate the remainder when 384 is divided by (-2)/12*-36*316/24.
68
Let d = -7 - -6. Let s(t) = 204*t + 25. Let w(m) = 68*m + 10. Let a(u) = -3*s(u) + 8*w(u). What is the remainder when a(d) is divided by 39?
34
Suppose 33 - 47 = 7*f. What is the remainder when 321 is divided by (160/(-60))/(f/39) + 2?
51
Let c = 247 + -291. Let z = 70 - c. Calculate the remainder when z is divided by 59.
55
Suppose 2*c - 436 = -4*u, 0 = 2*u + 4 + 6. Let l = -185 + c. What is the remainder when 386 is divided by l?
42
Suppose 0 = -22*g - 243 - 65. What is the remainder when 1564/14 + g/(-49) is divided by 19?
17
Suppose 17*g + 23*g = -13*g + 17808. What is the remainder when g is divided by 183?
153
Let f = 17261 - 15733. What is the remainder when f is divided by 217?
9
Let g = 299 - 386. Let c = -19 - g. What is the remainder when c is divided by 15?
8
Let w = -2547 - -2714. Calculate the remainder when w is divided by 10.
7
Suppose 43*x - 754 - 450 = 0. Calculate the remainder when 139 is divided by (-6*7/x)/((-2)/28).
13
Let a(l) = -l**3 - 9*l**2 - 19*l + 7. Let c(t) = 10*t + 3. Let x be c(-1). Calculate the remainder when 167 is divided by a(x).
41
Calculate the remainder when 1752 is divided by (1812/24 - 8)*4/6.
42
Let g(b) = -b**3 - b**2 + 6*b + 6. What is the remainder when ((-1044)/609 - (-849)/42)*(8 - 2) is divided by g(-4)?
21
Let g = 212 - 174. Suppose 59 = 3*v + 2*s, 4*v = 4*s + g + 14. What is the remainder when 64 is divided by v?
13
Let a(g) = -g**3 - 15*g**2 + 20*g + 69. Suppose -12 = -4*x, -4*y = -7*y - 3*x + 33. Calculate the remainder when y - 8 - (-46)/2 is divided by a(-16).
3
Let n = -6307 - -7364. Calculate the remainder when n is divided by 10.
7
Suppose -2*v = 5 - 37. Calculate the remainder when (10 - (-4 + 7)) + 4 is divided by ((-4)/9)/(v/(-72)).
1
Suppose -1542*f = -1551*f + 234. What is the remainder when 1997 is divided by f?
21
Let n(u) = -u**3 - 8*u**2 + 7*u - 2. Let i = -16 - -7. Let p be n(i). Suppose -12*d + p*d = 100. What is the remainder when 97 is divided by d?
22
Let w(v) = 82*v**3 + v. Let l(g) = -g**3 + 6*g**2 - 6*g - 9. Let s be l(4). Let a be w(s). Let r = a + 142. What is the remainder when r is divided by 15?
14
Let q = 2254 + -2204. What is the remainder when 282 is divided by q?
32
Suppose 3*l + 21 - 21 = 0. Let i = 6 + -4. Suppose -3*h + y + 20 = 0, i = -y - l. What is the remainder when 14 is divided by h?
2
Let y = 214 + -69. Suppose 5*x = -t + 182, 3*t - 315 = -324. What is the remainder when y is divided by x?
34
Suppose -3*c = -5*k - 3332, -k = -10*c - 544 + 11588. Calculate the remainder when c is divided by 136.
16
Calculate the remainder when 1817 is divided by (-15)/12*-2 - (1360/(-32) + 10).
32
Let b be (2 - 6) + 0 + 185. Let y be 2/(-12) + b/6. Suppose -c + 3*a - 125 = -3*c, 0 = -c + 5*a + y. What is the remainder when c is divided by 29?
26
Suppose q - 5*j = -6, -q = -j - 0*j + 2. Let u(w) = 67*w**2 + 14*w. What is the remainder when 146 is divided by u(q)?
40
Let q(b) = -5*b - 39. Let p(m) = -m**3 - 11*m**2 + 35*m - 5. Calculate the remainder when p(-15) is divided by q(-14).
29
Calculate the remainder when 744 is divided by (10/4)/(33 - 3175/100).
0
Let z = 192 - 331. Let h = 270 + z. What is the remainder when h is divided by 33?
32
Let c = 2852 - 2242. What is the remainder when c is divided by 42?
22
Let g(b) = b**2 - b + 3. Let i be g(2). Suppose 263 = 4*j - 4*l + 7*l, 5*j - 325 = -i*l. Calculate the remainder when 194 is divided by j.
58
Let k(z) = -z**3 + 1. Let s be k(-1). Suppose 4*o - 3*b = -s*b + 11, 2*b - 4 = -5*o. Suppose 18 = 2*w + o. What is the remainder when 17 is divided by w?
1
Let i(b) = -b**3 - 23*b**2 - 8*b - 23. Let l be i(-23). Suppose l*f - 160*f = 39. Calculate the remainder when f is divided by 26.
13
Suppose 5*k - 75 + 10 = 5*l, -4*l - 79 = 5*k. Let n(z) be the second derivative of -z**3/6 - 7*z**2/2 + z. What is the remainder when 62 is divided by n(l)?
8
Let v(k) = -7*k. Let o(x) = 12*x + 2. Let z(d) = 2*o(d) + 5*v(d). Suppose -2*u = -0*u - 26. Calculate the remainder when z(-4) is divided by u.
9
Calculate the remainder when (13 - -2)*((-1 - 6) + 5129/115) is divided by 95.
89
What is the remainder when 140 is divided by ((-6)/(-8))/(10 - (-47063)/(-4712))?
16
Suppose 3*b = 1405 - 469. Let h = 472 - b. Calculate the remainder when h is divided by 41.
37
Suppose 4*q + 3*p - 113 = 149, -4*q + 2*p + 252 = 0. What is the remainder when q is divided by 9?
1
Suppose 4*i - 3*p - 8 = 0, 0*i = 4*i - 5*p. Suppose -2 = -2*w, i*k - k - 4*w - 192 = 0. Let x = -30 + k. Calculate the remainder when 92 is divided by x.
16
Let g = -107 + 113. Suppose -41*r = -42*r + g. Suppose -175 = -r*n - n. Calculate the remainder when 69 is divided by n.
19
